+ 5*q, -3*s + 2*q + 188 = 0. Suppose 2*o - 32 = -0*o - b, b - 16 = -o. What is the remainder when s is divided by o?
14
Let s = -12526 + 13743. Calculate the remainder when 1220 is divided by s.
3
Let j(k) be the second derivative of k**5/20 + k**4/3 - k**2 - 3*k. Let i be 38/(-4)*(-332)/1577. What is the remainder when 61 is divided by j(i)?
17
Suppose 0 = -5*y + 2*d + 1725 - 341, 3*d - 270 = -y. Suppose -642 = -3*r + y. Suppose 0 = -3*p - 60 + r. What is the remainder when p is divided by 17?
14
Suppose 0 = -3*n + l - 124 + 1118, l = 5*n - 1654. What is the remainder when n is divided by 28?
22
Let z(k) = k**2 + 5*k + 7. Let v(b) = -4*b - 11. Let j be v(-2). Let s be z(j). Let x(a) = 3*a + 8. What is the remainder when 39 is divided by x(s)?
6
Let u(s) = s**2 + s - 3. Let v(p) = -6*p**2 + 10*p + 289. Let g(a) = -5*u(a) - v(a). Calculate the remainder when 113 is divided by g(27).
13
Let q = -145 + 315. What is the remainder when 31/(-62) - (q/(-4) - 2) is divided by 8?
4
Let y = -2173 + 3780. What is the remainder when y is divided by 16?
7
Let n(d) = d**3 + 14*d**2 - 19*d - 36. Let a = 58 + -73. Let u be n(a). What is the remainder when 69 is divided by ((-21)/(-12) + -1)/(1/u)?
15
Let m(x) = -x**3 + 4*x**2 + 4*x + 3. Let c be m(5). Suppose -9*h + 57 + 87 = 0. Calculate the remainder when (-95)/2*c - 2 is divided by h.
13
Let a be (-10)/(-5) - (-3 + 0). Suppose a*r - 110 = 16*q - 20*q, 0 = 5*q + 5*r - 135. Calculate the remainder when 92 is divided by q.
17
Let n = 1888 - -2087. Suppose -18 = -3*h + 24. What is the remainder when ((2/3)/2)/(53/n) is divided by h?
11
Let j(w) = -6*w**2 - 75*w - 28. Let n be 27/(-81) + (29/(-3) - 2). Calculate the remainder when 89 is divided by j(n).
1
Suppose 0*r - 9*r = 0. Suppose 3*v - 7*v - 12 = r. Calculate the remainder when (3/(-2))/(v/190) is divided by 24.
23
Let z = -182 - -271. Let y(v) = -17*v + 357. What is the remainder when z is divided by y(20)?
4
Let c = 2670 + -913. Suppose -k + c = 5*l, -7*k + 6*k = 3*l - 1053. What is the remainder when l is divided by 51?
46
Suppose -210 - 280 = -10*b - 50. Calculate the remainder when 789 is divided by b.
41
Suppose 17*d - 16*d + 23 = 0. Let a = d - -42. Suppose -f - 3*f - 4*r = -304, 0 = 3*f + 2*r - 224. Calculate the remainder when f is divided by a.
15
Suppose 4*p + 3*g - 291 = -0*p, 5*p - 5*g - 390 = 0. Let t(q) = 38*q**2 - 4*q + 2. Calculate the remainder when t(2) is divided by p.
71
Let x be (5 + (-51)/15)/(4/240). Calculate the remainder when 91 is divided by (-5520)/x*(-4)/10.
22
Suppose 417*k = 419*k - 94. What is the remainder when 164 is divided by k?
23
Let k = 127 - 90. Let u(a) = -a**2 + 73*a + 1680. Calculate the remainder when u(89) is divided by k.
34
Suppose -5*w = 3*l - 117, 3*w + 3 = 12. Suppose 2060 = 44*t - l*t. Calculate the remainder when t is divided by 52.
50
Let y(c) = 21*c**2 - 228*c - 224. Calculate the remainder when 26172 is divided by y(-1).
22
Let g(j) = -j**3 + 5*j**2 - 8*j - 24. Let n be g(6). Let y = 125 + n. Let a = 25 - 13. What is the remainder when y is divided by a?
5
Let l = -67 - -73. Calculate the remainder when 59 is divided by 4/(-40) + l + (-44)/(-40).
3
Let f = 683 + -641. Calculate the remainder when f is divided by 18.
6
Let q(c) = -c**2 - c + 1. Let x be q(0). Calculate the remainder when (3/(-1))/(x/(-17)) is divided by (-3)/4*-19 + (-2070)/1656.
12
Let q be 2/(-8) + ((-915)/20 - 1). Let a = q - -52. Suppose 2*i + 2*b + 0 = 38, 91 = a*i + 4*b. What is the remainder when 104 is divided by i?
14
Calculate the remainder when (-8)/12*(20 + -1088) is divided by 14.
12
Let g(c) = -14*c + 105. Calculate the remainder when g(-71) is divided by 110.
109
Suppose -2*w - 377 = -17*i + 12*i, -4*w = 24. What is the remainder when 166 is divided by i?
20
Suppose -5*x = r - 2128, -22*r - 2*x = -19*r - 6319. Calculate the remainder when r is divided by 701.
0
Let t = -49219 + 49230. Suppose 4*v - 18 = 3*v - 2*d, -5*v + 105 = -5*d. Calculate the remainder when v is divided by t.
9
Let d = 32 + 1. Let s = -19 + d. What is the remainder when (-4)/((-60)/609) - (-135)/(-225) is divided by s?
12
Let s(d) = 6*d - 51. Calculate the remainder when 942 is divided by s(60).
15
Let l(k) = -k**3 + 3*k**2 - 2*k + 3. Let m be 12/(-7) - -2 - 12/(-7). Let t be l(m). What is the remainder when 65 is divided by 30/45 - (-64)/t?
21
Let g(v) be the third derivative of -v**4/8 - v**3 - 9*v**2. Suppose 179*l = 167*l + 252. What is the remainder when g(-14) is divided by l?
15
Let s = -9 + 19. Suppose 304 = 26*w - 7*w. What is the remainder when (-2)/s + 151/5 is divided by w?
14
Let n(p) = -p**3 + 37*p**2 + 58*p - 324. What is the remainder when n(37) is divided by 455?
2
Suppose -3*c + 530 = 5*i, 100*i + 873 = 5*c + 98*i. Let k = -37 - -53. What is the remainder when c is divided by k?
15
Suppose -27 = -2*i + 3*o, -4*i - o = 9 - 70. Let n = -62 + 37. Let w = 4 - n. What is the remainder when w is divided by i?
14
Let p(q) = 88 - 3*q - 5*q + 23*q - 3*q. What is the remainder when 38 is divided by p(-6)?
6
Let s = -2 - -4. Suppose -2*z = 2*n - 28, -8*z = 5*n - 20*z - 94 - 129. What is the remainder when ((-61)/s)/((-1)/2) is divided by n?
15
Let m be (8 + -5 + -4)*-15. Suppose 0 = -23*c + m*c + 144. What is the remainder when 62 is divided by c?
8
Let u(j) = -j**3 - 73*j**2 - 153*j - 170. What is the remainder when u(-71) is divided by 131?
87
Suppose 8*r - 1415 = 5*r + 2*a, 2385 = 5*r + 2*a. Let c = -299 + r. Calculate the remainder when c is divided by 60.
56
Let a(p) = p + 218. Calculate the remainder when 3378 is divided by a(-109).
108
Suppose 0 = -5*o + o - 4*d + 404, 0 = o + 4*d - 116. Suppose 10*k = 4*k + o. Suppose -3*t + 35 = -k. What is the remainder when 32 is divided by t?
15
Suppose 0 = -22*c + 494 + 628. What is the remainder when 4588 is divided by c?
49
Suppose 63 + 122 + 1093 = 3*g. Calculate the remainder when 1715 is divided by g.
11
Suppose 45*c - 40*c = 5*s - 12965, 6*s - 15526 = -2*c. Calculate the remainder when s is divided by 36.
33
Let w(y) = y**3 - 23*y**2 + 45*y - 59. Let h be w(21). Suppose -26 = -6*t + h*t. What is the remainder when 34 is divided by t?
8
Let z = -45988 - -48873. Calculate the remainder when 8663 is divided by z.
8
Let a(d) = -d**2 - 22*d - 63. Suppose 3*g = 14 - 59. What is the remainder when 76 is divided by a(g)?
34
Suppose 232 = q + 5*t - 3*t, 5*t = -2*q + 468. Suppose -q*x = -222*x - 18. What is the remainder when 24 is divided by x?
6
Suppose -4*w + 19 + 41 = 0. Suppose 4*h = -h + w. What is the remainder when h is divided by 24/2*((-119)/(-28) - 4)?
0
Let c(v) = v**2 - 20*v + 399. Calculate the remainder when 3141 is divided by c(32).
9
What is the remainder when 322 is divided by -6 - (-11 - (-17 + 94))?
76
Calculate the remainder when (-2)/(-31) + 121572/1116 is divided by 56.
53
Let c(u) = 2*u**3 + 171*u**2 + 22*u + 275. What is the remainder when c(-85) is divided by 43?
40
Suppose -4*r - 4*x = 16, -3*r + 4 = -2*r - x. Suppose r = 25*a - 30*a + 135. Let d = 25 + -11. Calculate the remainder when a is divided by d.
13
Suppose 5*m + 13 = -s - 4, 4*s - 27 = -m. Let p = -14906 - -14968. Calculate the remainder when p is divided by s.
6
Suppose -5*l + 40 = -0. Let q(g) = -g**2 - 8 + 11*g + 3 + 0 - 4. Calculate the remainder when 43 is divided by q(l).
13
Let a be ((-60)/(-5) - 3) + 1. Suppose -2*m + a*m = 8. Calculate the remainder when 25 is divided by (-1 - 52/8)/(m/(-2)).
10
Let a(h) = 5*h**3 + 2*h**2 - 215. Calculate the remainder when 6396 is divided by a(7).
4
Suppose 0 = -2*g - 2*z + 16, -g + 12 = -0*z + 2*z. Let m = 192 - 141. Suppose -4*w - o + 98 = o, -3*o = -3*w + m. What is the remainder when w is divided by g?
2
Suppose -3*x = 2*w + 3*w - 7, 3*w - 5*x = 11. Suppose -w*b + 5*l + 37 = 0, -4*l - 4 = -0. Calculate the remainder when 61 is divided by b.
13
Calculate the remainder when 205 is divided by ((-848)/40)/((-26)/65).
46
Let y = 11080 + -10982. What is the remainder when 5387 is divided by y?
95
Let t(a) = 7*a + 138. Let x(g) = 9*g + 138. Let n(v) = 6*t(v) - 5*x(v). Calculate the remainder when 89 is divided by n(30).
41
Let h = -11 + 18. Suppose -h*r + 892 = -207. Suppose r = 3*p + 40. Calculate the remainder when 155 is divided by p.
38
Let x be ((-16)/(-2))/(2/(-6